 (6 - 3)?
-14
What is the value of (2 - 10 - -25) + -5?
12
What is the value of -7 + 5 - (12 + 3 + -6)?
-11
What is (0 - 3) + (36 - (78 + -34))?
-11
(33 - (11 + 12)) + -3
7
Evaluate (5 - -7 - 11 - -10) + -14.
-3
Evaluate 9 + -11 + -1 + 5 + -1.
1
Evaluate 10 + -10 + -16 + 19.
3
What is the value of 120 + -104 + (9 - 5) + 0?
20
Evaluate 3 - (18 + 62 + -44).
-33
What is the value of 4 - (-2 - (-28 - -12))?
-10
Evaluate -16 - -2 - (-3 + -2) - -5.
-4
What is (9 + 1 - (-48 + 84)) + -5?
-31
Evaluate -11 + -3 + 55 + -45.
-4
What is (-1 - 2) + (2 - (-7 - 0))?
6
Evaluate 25 - (41 - 11 - 14).
9
Calculate -13 + (-4 - -9) - (7 + 3).
-18
What is -1 + (36 - 25) + (4 - -7)?
21
Calculate 6 + (5 - 20) + (9 - 7).
-7
(-25 + 34 - 5) + (-1 - (1 - 5))
7
What is the value of (9 - (9 + -4 + -1)) + -5 + 16?
16
Evaluate -3 + (3 - -1) + (-8 - (9 - 23)).
7
Evaluate -25 - (28 + (-58 - -28)).
-23
Evaluate -8 + (1 - -4) - -2 - (-1 + 5).
-5
Evaluate 2 + (1 - -1) - (-17 - (-58 + 21)).
-16
What is 24 - (33 + -17) - -8?
16
14 - (33 - 6) - -9
-4
-21 - -36 - (2 - -17)
-4
1 + -9 + (51 - (17 - -30))
-4
22 + 6 + (-39 - -25) - 31
-17
What is the value of (-4 - 5) + 4 + (-5 + 12 - -7)?
9
Calculate 1 - (-26 + 17 + -11).
21
What is 10 + 10 + -3 + -36 + 8?
-11
What is the value of (3 - (4 - 13 - -8)) + 12?
16
Evaluate 16 - (30 + 9) - 2.
-25
What is -811 + 783 + (23 - 1)?
-6
(-7 - 1) + (-20 - (-7 - 20))
-1
Calculate (1 - (-18 - -7) - 14) + -9 + -1.
-12
Calculate 14 - ((28 - 13 - -2) + -32).
29
Calculate -23 + -15 + (-22 - -34).
-26
What is 1 - (4 + 0) - (6 + 2 + -10)?
-1
Evaluate 10 + -4 - (-1 - -8) - -9.
8
Calculate 61 - 40 - (6 + 18).
-3
2 + -8 + 2 + 8 + 6
10
What is the value of ((1 - (-2 + -3)) + -1 - 5) + -16?
-16
What is -11 + (0 - 2) + -4 + -7?
-24
Calculate -9 - (12 + -16 - 4).
-1
What is the value of 5 + 3 + -3 + (-5 - -16) + -4?
12
-17 + (4 - -6) + 12
5
Calculate -3 + (-2 + -4 - -10) - (-2 + 6).
-3
What is (8 - (17 - -17)) + 11?
-15
What is 18 + (-2 - (10 - 7 - 10) - 8)?
15
(-30 - -21) + -45 + 21
-33
What is the value of -15 - 3 - -5 - (5 + (-1 - 2))?
-15
What is the value of 2 + 1 + -2 - 2 - (-120 - -113)?
6
Evaluate (-6 - -1) + 5 - (-37 - (1 + -11)).
27
What is (-2 - -14) + 5 - 11?
6
Calculate (25 - (6 + -16)) + -15.
20
(-1 - -11) + (-4 + -4 + -7 - -16)
11
What is -11 - (-3 + 5 + 23 + -35)?
-1
What is -8 + (25 - 4 - 38)?
-25
-5 + 11 + (0 + 7 + -2 - 7)
4
Evaluate -1 + -25 + 30 + (1 - -11).
16
Calculate 5 - -2 - (-3 - -8) - 12 - 3.
-13
What is the value of 218 + -213 + -18 + 3 + -2 + -3?
-15
Calculate -4 + 0 - (-3 + (-11 + 8 - -7)).
-5
Evaluate 1 + 23 + -27 - (1 + 2).
-6
Evaluate (-7 - 0) + (-20 - -13 - -6).
-8
What is the value of (1 - 14) + 54 + -36?
5
What is the value of (8 - (6 - (-7 - -21))) + (1 - 1)?
16
Calculate -1 - ((-2 - 8 - (-1 - 0)) + 23).
-15
Evaluate 9 + 22 + (12 - 10) + -12.
21
5 + -18 + (32 - 4)
15
What is the value of 2 - (-11 + 9 + -8)?
12
Evaluate -7 + 0 + -1 + 4 + 1.
-3
4017 + -4000 + (-3 - -1) + (-1 - 1)
13
Evaluate 3 + (0 - (2 - -27)) - (10 + -15).
-21
-3 + 18 + (-21 - (-65 - -29))
30
8 + 4 - (3 + 3)
6
What is the value of (-32 - -2) + 18 + -2?
-14
Calculate 15 + (-1 - 8) + 17 - 8.
15
-4 + (14 - (5 - -2) - 6)
-3
Calculate -5 + 1 - ((7 + -4 - -6) + -8).
-5
3 - (1 + (15 - (-8 - -5)))
-16
What is the value of (2 - 5) + 4 + -6 + 5 + -2?
-2
What is (10 - 4) + (13 - 15)?
4
What is the value of 2 - (7 + (13 - -1) + -10)?
-9
Evaluate 7 - (-1 - -18 - ((22 - 5) + -15)).
-8
What is 4 + 9 - (58 - 35)?
-10
What is the value of -30 - ((18 - 46) + 15)?
-17
65 + -48 + 7 + (3 - 31)
-4
Calculate -8 + -1 - (-30 - (-55 + 25)).
-9
Calculate (-11 - (11 + -13 - (2 - 3))) + 2.
-8
2 + -14 - (4 + -2)
-14
Calculate -192 + 168 + (5 - -15).
-4
Evaluate (-1 - -19) + (200 - 228).
-10
Evaluate 1 - (5 - -2 - 1 - (-9 + 3)).
-11
Calculate 5 - (-4 - -26 - 7).
-10
Calculate 3 + (7 + -27 - -2 - (4 - 4)).
-15
What is 6 - (4 + 1) - (-114 + 102)?
13
What is the value of 10 + 4 + (-10 + (1 - -2) - -5)?
12
Calculate 0 - (0 + -7 + (-1 - -7) + -5).
6
What is the value of 5 - 20 - -2 - (-1 + -3 - -4)?
-13
Calculate (-3 - 3) + -19 + (-12 - (10 + -55)).
8
What is the value of -1 - ((10 - (-5 - -19)) + 5)?
-2
-5 - (-3 + (-4 - -2))
0
What is the value of -12 + -3 + 3 + 3 + 2 + -7?
-14
What is the value of 1 + 12 - ((-48 - -22) + 31)?
8
20 + 8 + (4 - 22)
10
-48 + 49 + -2 + -5 + 18
12
Evaluate 7 + (3 - -11) + -10.
11
Evaluate -10 - (-35 - (6 + -4 - 10)).
17
Evaluate (-1 - 1) + (-7 - -16 - 11).
-4
Calculate 0 + (-11 - -1) + -1139 + 1157.
8
What is the value of -36 - -34 - 4 - -13?
7
9 + 7 + 9 + -29 + 5 + 3
4
Evaluate 1111 - 1099 - (-7 + -1).
20
Calculate 13 + (-37 + 81 - 51).
6
What is the value of 5 + 3 + (-19 + 0 - (-126 + 111))?
4
Evaluate ((-4 - -31) + -13 - 7) + -31.
-24
Calculate -68 - -93 - (22 - 5).
8
What is 11 - (-234 + 245 - (24 + 0))?
24
What is the value of (-13 - (0 - 13)) + -7?
-7
What is the value of (0 + -8 - 0) + -1 + 20?
11
(13 - -19) + -14 - -11
29
Evaluate (-1919 - -1939) + -26 + 1.
-5
(-2 - (-5 - 1)) + -32 + 31
3
What is -28 + (4 - (25 - 31))?
-18
Calculate 38 + 0 + (1086 - 1102).
22
What is the value of -8 + (-2 + -5 - (30 - 28))?
-17
What is the value of (-40 - -8) + 7 + (5 - -7)?
-13
What is -6 + 5 + 1 + (148 - 143) - 9?
-4
What is the value of 8 - (15 - (7 - -6))?
6
What is the value of -24 + 23 + 4 + (-2 - 0)?
1
What is the value of -6 - ((1 - -18) + (133 - 138))?
-20
Calculate (2 - -3 - 4 - -18) + -3 - 4.
12
2 - (3 - 6 - 3 - (11 + -4))
15
What is the value of -12 + 12 + 1 + -5?
-4
What is the value of -2 - (37 + -43 + 0 + 2)?
2
Calculate (36 - 35) + (2 + -5 - -18 - 4).
12
Calculate 33 + -17 + -20 + (-3 - -29).
22
-2 + -2 + 0 + (13 - -2 - 22)
-11
-18 + (-12 - (-21 + 14)) + 0
-23
Evaluate -8 + 17 + (-21 - 2) - (1 + 1).
-16
0 + -2 - (1 - (-10 + (1 - 11)))
-23
Calculate -21 + -2 - (19 + -52 + 36).
-26
Calculate -3 + -7 + (30 - 13).
7
Calculate 8 + -13 + 3 + 6 + 4.
8
Calculate -13 + (17 - 18) + 23.
9
-84 + 92 + 13 + -3 + 9 + -2
25
Evaluate (0 - 0) + 9 + 15 + -16.
8
What is the value of -27 + -5 + (7 - (9 + -17 + 9))?
-26
What is the value of -25 + (3 - (3 + 1)) + 3?
-23
What is (0 - 7) + -5 + -3 + 2 - 2?
-15
Evaluate -3 + 2 + -22 + 85 + -80.
-18
Calculate -22 - -21 - (-5 - (-4 + 0)).
0
Evaluate -13 + (1 - (-6 + 1 - (-33 - -33))).
-7
(-20 - -16) + 5 + 0 - 16
-15
Calculate 13 - 22 - (-2 - (-1 - (3 + 2))).
-13
Evaluate (9 + (-5 - -3) - (3 + 2)) + 3.
5
Evaluate (-6 - -4) + -2 + (14 - 10).
0
-3 - ((-62 - -44) + (9 - 1) + 0)
7
Evaluate (-4 - (2 - 10)) + -1 + (4 - 20).
-13
Calculate -8 + (-12 + 1 - (6 - 29)).
4
What is the value of 16 + -40 - 3 - -13?
-14
What is -9 - (15 + -2 - 16)?
-6
7 + (2 - (1 - 2) - (92 + -68))
-14
3 - (14 - (5 + 2) - -7)
-11
What is -14 + (-6 - (-22 - 11))?
13
What is 8 - -1 - (2 - (16 - 9))?
14
What is the value of (8 - -1) + (-8 - (-12 + 9 - 3))?
7
Calculate 6 + 9 + (5 - (4 + 10 - -2)).
4
What is (-18 - (-11 - 39)) + -14?
18
What is (5 - -3) + 5 - 6 - 14?
-7
Calculate -11 - ((7 - (7 - 1)) + (1 - 1)).
-12
(20 - (4 + -6)) + -8
14
Calculate 1 + -5 + 8 - (-4 - -6 - -1).
1
(-3 + 7 - -12) + -6
10
What is the value of (-3 - -2 - 4 - -1) + 7 + -9?
-6
Calculate 0 - 7 - (2 + 33 - 29).
-13
What is 25 - (-20 + (-8 - -21) - (4 - 4))?
32
Evaluate 21 - -27 - 40 - (12 + 1).
-5
13 - (18 + (-8 - 1))
4
What is the value of 11 - (6 - (-32 - -14))?
-13
What is -3 + 2 + 1 + 157 + -174?
-17
Evaluate -23 - (-11 - (68 + -24)).
32
(2 - 12 - -5) + (36 - 26)
5
Evaluate -7 - (16 - 16 - (4 + 3) - -24).
-24
Calculate 4 + -2 + (-5 - -1) + -2 + 12.
8
Evaluate 17 + (-10 - -8 - -4) - 7.
12
Evaluate 10 + (1 - 11 - 0) + -2.
-2
(-1 - 0 - (28 + -28)) + -4
-5
What is -25 + (-8 - (-6 + 25 + -9 + -24))?
-19
1 + (-17 - -12) + -20 + -10
-34
What is the value of -3 - ((6 - 0) + (-231 - -216))?
6
-28 - (34 - (117 - 19))
36
6 + -22 + 13 - 9
-12
Evaluate (-31 - (-25 + 8)) + 32.
18
-9 + (-12 - -33) + 15
27
Calculate -4 - (0 + -3) - -10 - (12 + -23).
20
What is 15 - (-13 - -30) - 5?
-7
Evaluate -3 + 4 - -27 - ((-9 - 5) + 20).
22
Calculate -4 - (7 - (-12 - -2 - -20)).
-1
Calculate 8 + 0 - (-1 + 3 + -33 + 50).
-11
0 + 0 - (19 - 6 - 21)
8
What is the value of 16 - (3 - (-18 - -13))?
8
Calculate -7 + (11 - 21 - -2) + -2.
-17
What is the value of -577 + 589 + (-3 - (1 + 1))?
7
What is the value of -1 + 4 + -1 + -5 +